{"id":9,"date":"2024-12-05T17:47:17","date_gmt":"2024-12-05T16:47:17","guid":{"rendered":"https:\/\/zlota-rybka.com.pl\/?page_id=9"},"modified":"2024-12-08T19:24:03","modified_gmt":"2024-12-08T18:24:03","slug":"strona-glowna","status":"publish","type":"page","link":"https:\/\/zlota-rybka.com.pl\/","title":{"rendered":"Strona g\u0142\u00f3wna"},"content":{"rendered":"\n<p>Witamy na stronie! To jest strona g\u0142\u00f3wna, kt\u00f3r\u0105 zobaczy wi\u0119kszo\u015b\u0107 odwiedzaj\u0105cych, kiedy b\u0119dzie odwiedza\u0107 twoj\u0105 witryn\u0119 po raz pierwszy.<\/p>\n","protected":false},"excerpt":{"rendered":"<p>Witamy na stronie! To jest strona g\u0142\u00f3wna, kt\u00f3r\u0105 zobaczy wi\u0119kszo\u015b\u0107 odwiedzaj\u0105cych, kiedy b\u0119dzie odwiedza\u0107 twoj\u0105 witryn\u0119 po raz pierwszy.<\/p>\n","protected":false},"author":1,"featured_media":0,"parent":0,"menu_order":1,"comment_status":"closed","ping_status":"closed","template":"","meta":{"ngg_post_thumbnail":0,"footnotes":""},"class_list":["post-9","page","type-page","status-publish","hentry"],"yoast_head":"<!-- This site is optimized with the Yoast SEO plugin v24.6 - https:\/\/yoast.com\/wordpress\/plugins\/seo\/ -->\n<title>Strona g\u0142\u00f3wna - Z\u0142ota Rybka<\/title>\n<meta name=\"robots\" content=\"index, follow, max-snippet:-1, max-image-preview:large, max-video-preview:-1\" \/>\n<link rel=\"canonical\" href=\"https:\/\/zlota-rybka.com.pl\/\" \/>\n<meta property=\"og:locale\" content=\"en_US\" \/>\n<meta property=\"og:type\" content=\"article\" \/>\n<meta property=\"og:title\" content=\"Strona g\u0142\u00f3wna - Z\u0142ota Rybka\" \/>\n<meta property=\"og:description\" content=\"Witamy na stronie! To jest strona g\u0142\u00f3wna, kt\u00f3r\u0105 zobaczy wi\u0119kszo\u015b\u0107 odwiedzaj\u0105cych, kiedy b\u0119dzie odwiedza\u0107 twoj\u0105 witryn\u0119 po raz pierwszy.\" \/>\n<meta property=\"og:url\" content=\"https:\/\/zlota-rybka.com.pl\/\" \/>\n<meta property=\"og:site_name\" content=\"Z\u0142ota Rybka\" \/>\n<meta property=\"article:publisher\" content=\"https:\/\/www.facebook.com\/zlotarybkabrodnica\" \/>\n<meta property=\"article:modified_time\" content=\"2024-12-08T18:24:03+00:00\" \/>\n<meta name=\"twitter:card\" content=\"summary_large_image\" \/>\n<script type=\"application\/ld+json\" class=\"yoast-schema-graph\">{\"@context\":\"https:\/\/schema.org\",\"@graph\":[{\"@type\":\"WebPage\",\"@id\":\"https:\/\/zlota-rybka.com.pl\/\",\"url\":\"https:\/\/zlota-rybka.com.pl\/\",\"name\":\"Strona g\u0142\u00f3wna - Z\u0142ota Rybka\",\"isPartOf\":{\"@id\":\"https:\/\/zlota-rybka.com.pl\/#website\"},\"datePublished\":\"2024-12-05T16:47:17+00:00\",\"dateModified\":\"2024-12-08T18:24:03+00:00\",\"breadcrumb\":{\"@id\":\"https:\/\/zlota-rybka.com.pl\/#breadcrumb\"},\"inLanguage\":\"en-US\",\"potentialAction\":[{\"@type\":\"ReadAction\",\"target\":[\"https:\/\/zlota-rybka.com.pl\/\"]}]},{\"@type\":\"BreadcrumbList\",\"@id\":\"https:\/\/zlota-rybka.com.pl\/#breadcrumb\",\"itemListElement\":[{\"@type\":\"ListItem\",\"position\":1,\"name\":\"Strona g\u0142\u00f3wna\",\"item\":\"https:\/\/zlota-rybka.com.pl\/\"},{\"@type\":\"ListItem\",\"position\":2,\"name\":\"Strona g\u0142\u00f3wna\"}]},{\"@type\":\"WebSite\",\"@id\":\"https:\/\/zlota-rybka.com.pl\/#website\",\"url\":\"https:\/\/zlota-rybka.com.pl\/\",\"name\":\"Z\u0142ota Rybka\",\"description\":\"\",\"publisher\":{\"@id\":\"https:\/\/zlota-rybka.com.pl\/#organization\"},\"potentialAction\":[{\"@type\":\"SearchAction\",\"target\":{\"@type\":\"EntryPoint\",\"urlTemplate\":\"https:\/\/zlota-rybka.com.pl\/?s={search_term_string}\"},\"query-input\":{\"@type\":\"PropertyValueSpecification\",\"valueRequired\":true,\"valueName\":\"search_term_string\"}}],\"inLanguage\":\"en-US\"},{\"@type\":\"Organization\",\"@id\":\"https:\/\/zlota-rybka.com.pl\/#organization\",\"name\":\"Z\u0142ota Rybka\",\"url\":\"https:\/\/zlota-rybka.com.pl\/\",\"logo\":{\"@type\":\"ImageObject\",\"inLanguage\":\"en-US\",\"@id\":\"https:\/\/zlota-rybka.com.pl\/#\/schema\/logo\/image\/\",\"url\":\"https:\/\/zlota-rybka.com.pl\/wp-content\/uploads\/2024\/12\/rybkalogo-kolko-1.png\",\"contentUrl\":\"https:\/\/zlota-rybka.com.pl\/wp-content\/uploads\/2024\/12\/rybkalogo-kolko-1.png\",\"width\":800,\"height\":800,\"caption\":\"Z\u0142ota Rybka\"},\"image\":{\"@id\":\"https:\/\/zlota-rybka.com.pl\/#\/schema\/logo\/image\/\"},\"sameAs\":[\"https:\/\/www.facebook.com\/zlotarybkabrodnica\"]}]}<\/script>\n<!-- \/ Yoast SEO plugin. -->","yoast_head_json":{"title":"Strona g\u0142\u00f3wna - Z\u0142ota Rybka","robots":{"index":"index","follow":"follow","max-snippet":"max-snippet:-1","max-image-preview":"max-image-preview:large","max-video-preview":"max-video-preview:-1"},"canonical":"https:\/\/zlota-rybka.com.pl\/","og_locale":"en_US","og_type":"article","og_title":"Strona g\u0142\u00f3wna - Z\u0142ota Rybka","og_description":"Witamy na stronie! To jest strona g\u0142\u00f3wna, kt\u00f3r\u0105 zobaczy wi\u0119kszo\u015b\u0107 odwiedzaj\u0105cych, kiedy b\u0119dzie odwiedza\u0107 twoj\u0105 witryn\u0119 po raz pierwszy.","og_url":"https:\/\/zlota-rybka.com.pl\/","og_site_name":"Z\u0142ota Rybka","article_publisher":"https:\/\/www.facebook.com\/zlotarybkabrodnica","article_modified_time":"2024-12-08T18:24:03+00:00","twitter_card":"summary_large_image","schema":{"@context":"https:\/\/schema.org","@graph":[{"@type":"WebPage","@id":"https:\/\/zlota-rybka.com.pl\/","url":"https:\/\/zlota-rybka.com.pl\/","name":"Strona g\u0142\u00f3wna - Z\u0142ota Rybka","isPartOf":{"@id":"https:\/\/zlota-rybka.com.pl\/#website"},"datePublished":"2024-12-05T16:47:17+00:00","dateModified":"2024-12-08T18:24:03+00:00","breadcrumb":{"@id":"https:\/\/zlota-rybka.com.pl\/#breadcrumb"},"inLanguage":"en-US","potentialAction":[{"@type":"ReadAction","target":["https:\/\/zlota-rybka.com.pl\/"]}]},{"@type":"BreadcrumbList","@id":"https:\/\/zlota-rybka.com.pl\/#breadcrumb","itemListElement":[{"@type":"ListItem","position":1,"name":"Strona g\u0142\u00f3wna","item":"https:\/\/zlota-rybka.com.pl\/"},{"@type":"ListItem","position":2,"name":"Strona g\u0142\u00f3wna"}]},{"@type":"WebSite","@id":"https:\/\/zlota-rybka.com.pl\/#website","url":"https:\/\/zlota-rybka.com.pl\/","name":"Z\u0142ota Rybka","description":"","publisher":{"@id":"https:\/\/zlota-rybka.com.pl\/#organization"},"potentialAction":[{"@type":"SearchAction","target":{"@type":"EntryPoint","urlTemplate":"https:\/\/zlota-rybka.com.pl\/?s={search_term_string}"},"query-input":{"@type":"PropertyValueSpecification","valueRequired":true,"valueName":"search_term_string"}}],"inLanguage":"en-US"},{"@type":"Organization","@id":"https:\/\/zlota-rybka.com.pl\/#organization","name":"Z\u0142ota Rybka","url":"https:\/\/zlota-rybka.com.pl\/","logo":{"@type":"ImageObject","inLanguage":"en-US","@id":"https:\/\/zlota-rybka.com.pl\/#\/schema\/logo\/image\/","url":"https:\/\/zlota-rybka.com.pl\/wp-content\/uploads\/2024\/12\/rybkalogo-kolko-1.png","contentUrl":"https:\/\/zlota-rybka.com.pl\/wp-content\/uploads\/2024\/12\/rybkalogo-kolko-1.png","width":800,"height":800,"caption":"Z\u0142ota Rybka"},"image":{"@id":"https:\/\/zlota-rybka.com.pl\/#\/schema\/logo\/image\/"},"sameAs":["https:\/\/www.facebook.com\/zlotarybkabrodnica"]}]}},"_links":{"self":[{"href":"https:\/\/zlota-rybka.com.pl\/index.php?rest_route=\/wp\/v2\/pages\/9","targetHints":{"allow":["GET"]}}],"collection":[{"href":"https:\/\/zlota-rybka.com.pl\/index.php?rest_route=\/wp\/v2\/pages"}],"about":[{"href":"https:\/\/zlota-rybka.com.pl\/index.php?rest_route=\/wp\/v2\/types\/page"}],"author":[{"embeddable":true,"href":"https:\/\/zlota-rybka.com.pl\/index.php?rest_route=\/wp\/v2\/users\/1"}],"replies":[{"embeddable":true,"href":"https:\/\/zlota-rybka.com.pl\/index.php?rest_route=%2Fwp%2Fv2%2Fcomments&post=9"}],"version-history":[{"count":1,"href":"https:\/\/zlota-rybka.com.pl\/index.php?rest_route=\/wp\/v2\/pages\/9\/revisions"}],"predecessor-version":[{"id":14,"href":"https:\/\/zlota-rybka.com.pl\/index.php?rest_route=\/wp\/v2\/pages\/9\/revisions\/14"}],"wp:attachment":[{"href":"https:\/\/zlota-rybka.com.pl\/index.php?rest_route=%2Fwp%2Fv2%2Fmedia&parent=9"}],"curies":[{"name":"wp","href":"https:\/\/api.w.org\/{rel}","templated":true}]}}